{"id":1250,"date":"2026-04-03T18:05:12","date_gmt":"2026-04-03T16:05:12","guid":{"rendered":"https:\/\/nexussailing.com\/?page_id=1250"},"modified":"2026-04-03T18:05:15","modified_gmt":"2026-04-03T16:05:15","slug":"dziennik-nawigatora","status":"publish","type":"page","link":"https:\/\/nexussailing.com\/index.php\/dziennik-nawigatora\/","title":{"rendered":"Dziennik Nawigatora"},"content":{"rendered":"\n[et_pb_section fb_built=&#8221;1&#8243; admin_label=&#8221;Contact Info&#8221; _builder_version=&#8221;4.20.1&#8243; background_image=&#8221;https:\/\/nexussailing.com\/wp-content\/uploads\/2024\/07\/black-sailing-boat-digital-wallpaper-scaled.jpg&#8221; custom_padding=&#8221;110px||110px|&#8221; locked=&#8221;off&#8221; global_colors_info=&#8221;{}&#8221;][et_pb_row custom_padding_last_edited=&#8221;on|phone&#8221; _builder_version=&#8221;4.20.1&#8243; background_enable_color=&#8221;off&#8221; background_size=&#8221;initial&#8221; background_position=&#8221;top_left&#8221; background_repeat=&#8221;repeat&#8221; custom_padding=&#8221;|15px||15px|false|false&#8221; custom_padding_tablet=&#8221;|15px||15px|false|false&#8221; custom_padding_phone=&#8221;|15px||15px|false|false&#8221; global_colors_info=&#8221;{}&#8221;][et_pb_column type=&#8221;4_4&#8243; _builder_version=&#8221;4.16&#8243; custom_padding=&#8221;|||&#8221; global_colors_info=&#8221;{}&#8221; custom_padding__hover=&#8221;|||&#8221;][et_pb_text admin_label=&#8221;CTA Section Subtitle&#8221; _builder_version=&#8221;4.20.1&#8243; text_font=&#8221;Roboto|on||on|&#8221; text_font_size=&#8221;24px&#8221; text_letter_spacing=&#8221;4px&#8221; background_layout=&#8221;dark&#8221; module_alignment=&#8221;center&#8221; animation_style=&#8221;zoom&#8221; animation_intensity_zoom=&#8221;20%&#8221; hover_enabled=&#8221;0&#8243; global_colors_info=&#8221;{}&#8221; sticky_enabled=&#8221;0&#8243;]<p>Dziennik nawigatora<\/p>[\/et_pb_text][et_pb_text _builder_version=&#8221;4.20.1&#8243; _module_preset=&#8221;default&#8221; text_line_height=&#8221;1.4em&#8221; hover_enabled=&#8221;0&#8243; global_colors_info=&#8221;{}&#8221; sticky_enabled=&#8221;0&#8243;]<p><span style=\"color: #ffffff;\"><em>Occasional letters from the sea<\/em><\/span><\/p>\n<p><span style=\"color: #ffffff;\">Jestem Pawe\u0142\u00a0 \u2014 \u017ceglarz i nawigator w Nexus Sailing.<br \/>W ci\u0105gu ostatnich lat zrozumia\u0142em, \u017ce najciekawsze rzeczy nie dziej\u0105 si\u0119 tylko podczas podr\u00f3\u017cy, ale te\u017c <strong>w momentach pomi\u0119dzy nimi <\/strong>\u2014 w trakcie przygotowywania jachtu, podczas planowania przygody lub po prostu podczas wpatruwania si\u0119 w morze.<\/span><\/p>\n<p data-start=\"782\" data-end=\"842\"><span style=\"color: #ffffff;\">Od czasu do czasu napisze list o tych momentach.<br \/>Nazwa\u0142em je <strong data-start=\"854\" data-end=\"877\">Dziennikiem Nawigatora<\/strong>.<\/span><\/p>\n<p data-start=\"782\" data-end=\"842\"><span style=\"color: #ffffff;\"><\/span><\/p>[\/et_pb_text][et_pb_text _builder_version=&#8221;4.20.1&#8243; _module_preset=&#8221;default&#8221; hover_enabled=&#8221;0&#8243; global_colors_info=&#8221;{}&#8221; sticky_enabled=&#8221;0&#8243;]<h2 data-section-id=\"ic18fz\" data-start=\"885\" data-end=\"907\"><span style=\"color: #ffffff;\">Czego mo\u017cesz si\u0119 spodziewa\u0107<\/span><\/h2>\n<p data-start=\"909\" data-end=\"950\"><span style=\"color: #ffffff;\">W tych listach b\u0119de pisa\u0107:<\/span><\/p>\n<p data-start=\"952\" data-end=\"1250\"><span style=\"color: #ffffff;\">&#x2693; historie z morza i z \u017ceglowania<\/span><br data-start=\"995\" data-end=\"998\" \/><span style=\"color: #ffffff;\">&#x2693; &#8220;behind the scenes&#8221; z budowy mojego pierwszego jachtu<\/span><br data-start=\"1050\" data-end=\"1053\" \/><span style=\"color: #ffffff;\">&#x2693; o podr\u00f3\u017cach, kierunku i chwilach, kt\u00f3re zmieniaj\u0105 spojrzenie na \u015bwiat<\/span><br data-start=\"1112\" data-end=\"1115\" \/><span style=\"color: #ffffff;\">&#x2693; zaproszenia na rejsy, spotkania i projekty Nexusa<\/span><br data-start=\"1170\" data-end=\"1173\" \/><span style=\"color: #ffffff;\">&#x2693; okazjonalne informacje o nowych rejsach, zanim zostan\u0105 opublicznione<\/span><\/p>[\/et_pb_text][et_pb_text _builder_version=&#8221;4.20.1&#8243; _module_preset=&#8221;default&#8221; global_colors_info=&#8221;{}&#8221;]<h2 data-section-id=\"wdsa5d\" data-start=\"1257\" data-end=\"1269\"><span style=\"color: #ffffff;\">Cz\u0119stotliwo\u015b\u0107<\/span><\/h2>\n<p data-start=\"1271\" data-end=\"1354\"><span style=\"color: #ffffff;\">B\u0119\u0119 pisa\u0142 <strong data-start=\"1279\" data-end=\"1289\">czasami <\/strong>\u2014 tylko wtedy, gdy jest co\u015b wartego zapisania w dzienniku.<\/span><\/p>\n<p data-start=\"1356\" data-end=\"1384\"><span style=\"color: #ffffff;\">Bez spamu. Bez marketingowego chaosu.<\/span><\/p>\n<p data-start=\"1386\" data-end=\"1418\"><span style=\"color: #ffffff;\">Po prostu list od czasu do czasu.<\/span><\/p>[\/et_pb_text][et_pb_text _builder_version=&#8221;4.20.1&#8243; _module_preset=&#8221;default&#8221; hover_enabled=&#8221;0&#8243; global_colors_info=&#8221;{}&#8221; sticky_enabled=&#8221;0&#8243;]<span style=\"color: #ffffff;\">Je\u015bli chcesz otrzymywa\u0107 listy z morza, mo\u017cesz do\u0142\u0105czy\u0107 tutaj. \u2193 \u2193 \u2193<\/span>[\/et_pb_text][\/et_pb_column][\/et_pb_row][\/et_pb_section][et_pb_section fb_built=&#8221;1&#8243; _builder_version=&#8221;4.20.1&#8243; _module_preset=&#8221;default&#8221; background_color=&#8221;#0DA0C5&#8243; global_colors_info=&#8221;{}&#8221;][et_pb_row column_structure=&#8221;1_2,1_2&#8243; _builder_version=&#8221;4.20.1&#8243; _module_preset=&#8221;default&#8221; global_colors_info=&#8221;{}&#8221;][et_pb_column type=&#8221;1_2&#8243; _builder_version=&#8221;4.20.1&#8243; _module_preset=&#8221;default&#8221; global_colors_info=&#8221;{}&#8221;][et_pb_image src=&#8221;https:\/\/nexussailing.com\/wp-content\/uploads\/2026\/03\/navigators-log.png&#8221; alt=&#8221;invitation to newsletter navigators log&#8221; title_text=&#8221;navigators log&#8221; _builder_version=&#8221;4.20.1&#8243; _module_preset=&#8221;default&#8221; global_colors_info=&#8221;{}&#8221;][\/et_pb_image][\/et_pb_column][et_pb_column type=&#8221;1_2&#8243; _builder_version=&#8221;4.20.1&#8243; _module_preset=&#8221;default&#8221; global_colors_info=&#8221;{}&#8221;][et_pb_text _builder_version=&#8221;4.20.1&#8243; text_font=&#8221;Roboto||||&#8221; text_font_size=&#8221;16px&#8221; text_line_height=&#8221;1.9em&#8221; background_color=&#8221;#EFD28C&#8221; background_size=&#8221;initial&#8221; background_position=&#8221;top_left&#8221; background_repeat=&#8221;repeat&#8221; max_width=&#8221;450px&#8221; custom_margin=&#8221;|||&#8221; custom_padding=&#8221;10px|10px|10px|10px|false|false&#8221; animation_style=&#8221;slide&#8221; animation_direction=&#8221;top&#8221; animation_delay=&#8221;400ms&#8221; animation_intensity_slide=&#8221;4%&#8221; hover_enabled=&#8221;0&#8243; border_radii=&#8221;on|5px|5px|5px|5px&#8221; border_width_all=&#8221;5px&#8221; border_color_all=&#8221;#FFFFFF&#8221; locked=&#8221;off&#8221; global_colors_info=&#8221;{}&#8221; sticky_enabled=&#8221;0&#8243;]<p data-start=\"459\" data-end=\"487\"><strong data-start=\"459\" data-end=\"487\">Do\u0142\u0105cz do Dziennika Nawigatora<br \/><\/strong>Okazionalne listy z morza o \u017ceglowaniu, przygodach i historiach zza kulis Nexus Sailing.<br \/>Bez spamu, tylko list od czasu do czasu.<\/p>\n\n\t\t\t\t\t<script>\n\t\t\t\t\t\twindow.hsFormsOnReady = window.hsFormsOnReady || [];\n\t\t\t\t\t\twindow.hsFormsOnReady.push(()=>{\n\t\t\t\t\t\t\thbspt.forms.create({\n\t\t\t\t\t\t\t\tportalId: 143702268,\n\t\t\t\t\t\t\t\tformId: \"0387c123-d2fe-479d-9c06-38b7527db297\",\n\t\t\t\t\t\t\t\ttarget: \"#hbspt-form-1777735751000-9328791423\",\n\t\t\t\t\t\t\t\tregion: \"eu1\",\n\t\t\t\t\t\t\t\t\n\t\t\t\t\t\t})});\n\t\t\t\t\t<\/script>\n\t\t\t\t\t<div class=\"hbspt-form\" id=\"hbspt-form-1777735751000-9328791423\"><\/div>[\/et_pb_text][\/et_pb_column][\/et_pb_row][\/et_pb_section][et_pb_section fb_built=&#8221;1&#8243; disabled_on=&#8221;on|on|on&#8221; _builder_version=&#8221;4.20.1&#8243; _module_preset=&#8221;default&#8221; disabled=&#8221;on&#8221; global_colors_info=&#8221;{}&#8221;][et_pb_row column_structure=&#8221;1_2,1_2&#8243; _builder_version=&#8221;4.20.1&#8243; _module_preset=&#8221;default&#8221; global_colors_info=&#8221;{}&#8221;][et_pb_column type=&#8221;1_2&#8243; _builder_version=&#8221;4.20.1&#8243; _module_preset=&#8221;default&#8221; global_colors_info=&#8221;{}&#8221;][et_pb_blurb title=&#8221;Call Us&#8221; use_icon=&#8221;on&#8221; font_icon=&#8221;&#xe090;||divi||400&#8243; icon_color=&#8221;#ed4441&#8243; image_icon_background_color=&#8221;rgba(255,255,255,0)&#8221; image_icon_width=&#8221;36px&#8221; _builder_version=&#8221;4.16&#8243; header_font=&#8221;Oswald|on||on|&#8221; header_text_color=&#8221;#1a1a1a&#8221; header_font_size=&#8221;24px&#8221; header_line_height=&#8221;1.9em&#8221; body_font=&#8221;Roboto||||&#8221; body_font_size=&#8221;16px&#8221; body_line_height=&#8221;1.8em&#8221; background_color=&#8221;#f4f4f4&#8243; background_size=&#8221;initial&#8221; background_position=&#8221;top_left&#8221; background_repeat=&#8221;repeat&#8221; image_icon_custom_padding=&#8221;25px|25px|25px|25px|false|false&#8221; text_orientation=&#8221;center&#8221; custom_padding=&#8221;60px||60px|&#8221; border_radii_image=&#8221;on|100%|100%|100%|100%&#8221; border_width_all_image=&#8221;3px&#8221; border_color_all_image=&#8221;#ed4441&#8243; icon_font_size=&#8221;36px&#8221; use_circle=&#8221;on&#8221; use_circle_border=&#8221;on&#8221; circle_border_color=&#8221;#ed4441&#8243; circle_color=&#8221;rgba(255,255,255,0)&#8221; global_colors_info=&#8221;{}&#8221; image_icon_background_color__sticky_enabled=&#8221;#7EBEC5&#8243; image_icon_background_color__sticky=&#8221;#7EBEC5&#8243;]<p>+48 601 522 955<\/p>[\/et_pb_blurb][\/et_pb_column][et_pb_column type=&#8221;1_2&#8243; _builder_version=&#8221;4.20.1&#8243; _module_preset=&#8221;default&#8221; global_colors_info=&#8221;{}&#8221;][et_pb_blurb title=&#8221;EMail Us&#8221; use_icon=&#8221;on&#8221; font_icon=&#8221;&#xe080;||divi||400&#8243; icon_color=&#8221;#ed4441&#8243; image_icon_background_color=&#8221;rgba(255,255,255,0)&#8221; image_icon_width=&#8221;36px&#8221; _builder_version=&#8221;4.20.1&#8243; header_font=&#8221;Oswald|on||on|&#8221; header_text_color=&#8221;#1a1a1a&#8221; header_font_size=&#8221;24px&#8221; header_line_height=&#8221;1.9em&#8221; body_font=&#8221;Roboto||||&#8221; body_font_size=&#8221;16px&#8221; body_line_height=&#8221;1.8em&#8221; background_color=&#8221;#f4f4f4&#8243; background_size=&#8221;initial&#8221; background_position=&#8221;top_left&#8221; background_repeat=&#8221;repeat&#8221; image_icon_custom_padding=&#8221;25px|25px|25px|25px|false|false&#8221; text_orientation=&#8221;center&#8221; custom_padding=&#8221;60px||60px|&#8221; animation_style=&#8221;fold&#8221; animation_direction=&#8221;left&#8221; animation_intensity_fold=&#8221;41%&#8221; border_radii_image=&#8221;on|100%|100%|100%|100%&#8221; border_width_all_image=&#8221;3px&#8221; border_color_all_image=&#8221;#ed4441&#8243; icon_font_size=&#8221;36px&#8221; use_circle=&#8221;on&#8221; use_circle_border=&#8221;on&#8221; circle_border_color=&#8221;#ed4441&#8243; circle_color=&#8221;rgba(255,255,255,0)&#8221; global_colors_info=&#8221;{}&#8221; image_icon_background_color__sticky_enabled=&#8221;#7EBEC5&#8243; image_icon_background_color__sticky=&#8221;#7EBEC5&#8243;]<p><a href=\"mailto:hello@nexussailing.com\">hello@nexussailing.com<\/a><\/p>[\/et_pb_blurb][\/et_pb_column][\/et_pb_row][\/et_pb_section]\n","protected":false},"excerpt":{"rendered":"<p>Dziennik nawigatoraOccasional letters from the sea Jestem Pawe\u0142\u00a0 \u2014 \u017ceglarz i nawigator w Nexus Sailing.W ci\u0105gu ostatnich lat zrozumia\u0142em, \u017ce najciekawsze rzeczy nie dziej\u0105 si\u0119 tylko podczas podr\u00f3\u017cy, ale te\u017c w momentach pomi\u0119dzy nimi \u2014 w trakcie przygotowywania jachtu, podczas planowania przygody lub po prostu podczas wpatruwania si\u0119 w morze. Od czasu do czasu napisze [&hellip;]<\/p>\n","protected":false},"author":1,"featured_media":0,"parent":0,"menu_order":0,"comment_status":"closed","ping_status":"closed","template":"","meta":{"_et_pb_use_builder":"on","_et_pb_old_content":"","_et_gb_content_width":"","content-type":"","footnotes":""},"class_list":["post-1250","page","type-page","status-publish","hentry"],"yoast_head":"<!-- This site is optimized with the Yoast SEO plugin v22.8 - https:\/\/yoast.com\/wordpress\/plugins\/seo\/ -->\n<title>Dziennik Nawigatora - Nexus Sailing<\/title>\n<meta name=\"robots\" content=\"index, follow, max-snippet:-1, max-image-preview:large, max-video-preview:-1\" \/>\n<link rel=\"canonical\" href=\"https:\/\/nexussailing.com\/index.php\/dziennik-nawigatora\/\" \/>\n<meta property=\"og:locale\" content=\"en_GB\" \/>\n<meta property=\"og:type\" content=\"article\" \/>\n<meta property=\"og:title\" content=\"Dziennik Nawigatora - Nexus Sailing\" \/>\n<meta property=\"og:description\" content=\"Dziennik nawigatoraOccasional letters from the sea Jestem Pawe\u0142\u00a0 \u2014 \u017ceglarz i nawigator w Nexus Sailing.W ci\u0105gu ostatnich lat zrozumia\u0142em, \u017ce najciekawsze rzeczy nie dziej\u0105 si\u0119 tylko podczas podr\u00f3\u017cy, ale te\u017c w momentach pomi\u0119dzy nimi \u2014 w trakcie przygotowywania jachtu, podczas planowania przygody lub po prostu podczas wpatruwania si\u0119 w morze. Od czasu do czasu napisze [&hellip;]\" \/>\n<meta property=\"og:url\" content=\"https:\/\/nexussailing.com\/index.php\/dziennik-nawigatora\/\" \/>\n<meta property=\"og:site_name\" content=\"Nexus Sailing\" \/>\n<meta property=\"article:modified_time\" content=\"2026-04-03T16:05:15+00:00\" \/>\n<meta name=\"twitter:card\" content=\"summary_large_image\" \/>\n<meta name=\"twitter:label1\" content=\"Estimated reading time\" \/>\n\t<meta name=\"twitter:data1\" content=\"1 minute\" \/>\n<script type=\"application\/ld+json\" class=\"yoast-schema-graph\">{\"@context\":\"https:\/\/schema.org\",\"@graph\":[{\"@type\":\"WebPage\",\"@id\":\"https:\/\/nexussailing.com\/index.php\/dziennik-nawigatora\/\",\"url\":\"https:\/\/nexussailing.com\/index.php\/dziennik-nawigatora\/\",\"name\":\"Dziennik Nawigatora - Nexus Sailing\",\"isPartOf\":{\"@id\":\"https:\/\/nexussailing.com\/#website\"},\"datePublished\":\"2026-04-03T16:05:12+00:00\",\"dateModified\":\"2026-04-03T16:05:15+00:00\",\"breadcrumb\":{\"@id\":\"https:\/\/nexussailing.com\/index.php\/dziennik-nawigatora\/#breadcrumb\"},\"inLanguage\":\"en-GB\",\"potentialAction\":[{\"@type\":\"ReadAction\",\"target\":[\"https:\/\/nexussailing.com\/index.php\/dziennik-nawigatora\/\"]}]},{\"@type\":\"BreadcrumbList\",\"@id\":\"https:\/\/nexussailing.com\/index.php\/dziennik-nawigatora\/#breadcrumb\",\"itemListElement\":[{\"@type\":\"ListItem\",\"position\":1,\"name\":\"Home\",\"item\":\"https:\/\/nexussailing.com\/\"},{\"@type\":\"ListItem\",\"position\":2,\"name\":\"Dziennik Nawigatora\"}]},{\"@type\":\"WebSite\",\"@id\":\"https:\/\/nexussailing.com\/#website\",\"url\":\"https:\/\/nexussailing.com\/\",\"name\":\"Nexus Sailing\",\"description\":\"The journey begins.\",\"potentialAction\":[{\"@type\":\"SearchAction\",\"target\":{\"@type\":\"EntryPoint\",\"urlTemplate\":\"https:\/\/nexussailing.com\/?s={search_term_string}\"},\"query-input\":\"required name=search_term_string\"}],\"inLanguage\":\"en-GB\"}]}<\/script>\n<!-- \/ Yoast SEO plugin. -->","yoast_head_json":{"title":"Dziennik Nawigatora - Nexus Sailing","robots":{"index":"index","follow":"follow","max-snippet":"max-snippet:-1","max-image-preview":"max-image-preview:large","max-video-preview":"max-video-preview:-1"},"canonical":"https:\/\/nexussailing.com\/index.php\/dziennik-nawigatora\/","og_locale":"en_GB","og_type":"article","og_title":"Dziennik Nawigatora - Nexus Sailing","og_description":"Dziennik nawigatoraOccasional letters from the sea Jestem Pawe\u0142\u00a0 \u2014 \u017ceglarz i nawigator w Nexus Sailing.W ci\u0105gu ostatnich lat zrozumia\u0142em, \u017ce najciekawsze rzeczy nie dziej\u0105 si\u0119 tylko podczas podr\u00f3\u017cy, ale te\u017c w momentach pomi\u0119dzy nimi \u2014 w trakcie przygotowywania jachtu, podczas planowania przygody lub po prostu podczas wpatruwania si\u0119 w morze. Od czasu do czasu napisze [&hellip;]","og_url":"https:\/\/nexussailing.com\/index.php\/dziennik-nawigatora\/","og_site_name":"Nexus Sailing","article_modified_time":"2026-04-03T16:05:15+00:00","twitter_card":"summary_large_image","twitter_misc":{"Estimated reading time":"1 minute"},"schema":{"@context":"https:\/\/schema.org","@graph":[{"@type":"WebPage","@id":"https:\/\/nexussailing.com\/index.php\/dziennik-nawigatora\/","url":"https:\/\/nexussailing.com\/index.php\/dziennik-nawigatora\/","name":"Dziennik Nawigatora - Nexus Sailing","isPartOf":{"@id":"https:\/\/nexussailing.com\/#website"},"datePublished":"2026-04-03T16:05:12+00:00","dateModified":"2026-04-03T16:05:15+00:00","breadcrumb":{"@id":"https:\/\/nexussailing.com\/index.php\/dziennik-nawigatora\/#breadcrumb"},"inLanguage":"en-GB","potentialAction":[{"@type":"ReadAction","target":["https:\/\/nexussailing.com\/index.php\/dziennik-nawigatora\/"]}]},{"@type":"BreadcrumbList","@id":"https:\/\/nexussailing.com\/index.php\/dziennik-nawigatora\/#breadcrumb","itemListElement":[{"@type":"ListItem","position":1,"name":"Home","item":"https:\/\/nexussailing.com\/"},{"@type":"ListItem","position":2,"name":"Dziennik Nawigatora"}]},{"@type":"WebSite","@id":"https:\/\/nexussailing.com\/#website","url":"https:\/\/nexussailing.com\/","name":"Nexus Sailing","description":"The journey begins.","potentialAction":[{"@type":"SearchAction","target":{"@type":"EntryPoint","urlTemplate":"https:\/\/nexussailing.com\/?s={search_term_string}"},"query-input":"required name=search_term_string"}],"inLanguage":"en-GB"}]}},"jetpack_sharing_enabled":true,"_links":{"self":[{"href":"https:\/\/nexussailing.com\/index.php\/wp-json\/wp\/v2\/pages\/1250","targetHints":{"allow":["GET"]}}],"collection":[{"href":"https:\/\/nexussailing.com\/index.php\/wp-json\/wp\/v2\/pages"}],"about":[{"href":"https:\/\/nexussailing.com\/index.php\/wp-json\/wp\/v2\/types\/page"}],"author":[{"embeddable":true,"href":"https:\/\/nexussailing.com\/index.php\/wp-json\/wp\/v2\/users\/1"}],"replies":[{"embeddable":true,"href":"https:\/\/nexussailing.com\/index.php\/wp-json\/wp\/v2\/comments?post=1250"}],"version-history":[{"count":3,"href":"https:\/\/nexussailing.com\/index.php\/wp-json\/wp\/v2\/pages\/1250\/revisions"}],"predecessor-version":[{"id":1254,"href":"https:\/\/nexussailing.com\/index.php\/wp-json\/wp\/v2\/pages\/1250\/revisions\/1254"}],"wp:attachment":[{"href":"https:\/\/nexussailing.com\/index.php\/wp-json\/wp\/v2\/media?parent=1250"}],"curies":[{"name":"wp","href":"https:\/\/api.w.org\/{rel}","templated":true}]}}